t derivative of c**4/4 - 7*c**3/3 - 7*c**2/2 - c - 140. Calculate l(8).
7
Let a be 12/9 - 13/39 - 3. Let z(b) = -9*b**2 - 2*b - 1. What is z(a)?
-33
Let y(m) be the second derivative of m**4/12 - m**3/6 + 7*m**2/2 + 389*m. Give y(0).
7
Let r(t) = 5*t**3 + 2*t - 1. Let u be (-56)/20 + 3/(-15). Let l = 2 - u. Suppose 2*w + l = 7*w. What is r(w)?
6
Let x(p) be the third derivative of -p**5/60 + 17*p**4/24 - 11*p**3/3 - 556*p**2. Give x(16).
-6
Let a(y) be the third derivative of -y**5/60 + y**4/4 - y**3/6 + y**2. Let i be -4*(6 + -2*7/2). What is a(i)?
7
Suppose 2*t = 6*t + k + 345, 350 = -4*t - 2*k. Let z = t - -86. Let w(a) = -4*a**3 + a**2 + a - 1. Calculate w(z).
-3
Let v = -87 + 89. Let d(b) = 8*b - b**2 - b**v + 7 + 3*b**2. Give d(-5).
-8
Let b(x) = -2*x**2 + 5*x - 4. Let r(p) = -p**2 - 5*p - 1. Suppose -q - 5*z = -6, 3*z + 0 = -q - 2. Let s = q + 10. Let k be r(s). Give b(k).
-7
Let v(f) be the third derivative of 0*f + 2/3*f**3 - 1/30*f**5 + 0 - 10*f**2 + 1/24*f**4. Suppose 5*s - 3 = -3*a + 2*a, 5*s = -5*a + 15. What is v(a)?
-11
Let s(z) be the third derivative of z**7/252 - z**6/360 + z**5/120 + z**4/6 + 9*z**2. Let v(r) be the second derivative of s(r). Calculate v(1).
9
Suppose -2*x + 12 = 30*l - 28*l, 5*x - 28 = -4*l. Let n(s) = s**3 - 3*s**2 - 2*s. Determine n(x).
8
Let o(w) = 4*w - 22. Let m(p) be the second derivative of p**3 - 33*p**2/2 - 33*p. Let d(t) = 5*m(t) - 7*o(t). Determine d(9).
7
Let n(p) = p**2 + 5*p + 6. Suppose -2 - 5 = -w. Let z be -7 - (w + -1)/(-3). Determine n(z).
6
Let g(x) = x - 23. Let w(l) = 3*l - 61. Let c(n) = 8*g(n) - 3*w(n). Determine c(3).
-4
Let w(j) be the second derivative of j**5/10 + j**4/6 + j**3/2 + 3*j**2/2 + 13*j. Suppose 8*v - 46 - 34 = 0. Suppose -6*b = 2 + v. Give w(b).
-11
Suppose 4*f = -f, 4*i + 3*f = 16. Let a(l) = 2*l - 11. Give a(i).
-3
Let m(p) = -p - 2. Let u(v) = 1. Let a(z) = m(z) + 4*u(z). Give a(-5).
7
Let v = -21 - -29. Let l(o) = -2*o + 12. Let c be l(v). Let d(s) = -5*s**2 - 5*s + 8. Let u(p) = 3*p**2 + 3*p - 4. Let a(w) = c*d(w) - 7*u(w). What is a(0)?
-4
Let o be (-12)/(-9)*6/4. Let r(b) = -3*b + o*b + 0*b. Let q be 6/(2 + 0 + -1). Calculate r(q).
-6
Let s(r) be the second derivative of -1/12*r**4 - 7/6*r**3 + 0 + 5*r - 2*r**2. What is s(-6)?
2
Let i(u) be the third derivative of u**4/24 + 4*u**3/3 + 4*u**2 - 24. Determine i(4).
12
Let b(c) = c**2 - 3*c. Suppose 0 = -5*o + 4*g + 58, -1 - 21 = -3*o - 4*g. Suppose -w = o + 11. Let m = -17 - w. What is b(m)?
4
Suppose 0 = 1175*s - 1171*s + 12. Let k(o) = 7*o. Give k(s).
-21
Let n(y) be the second derivative of -y**3/6 + y**2 - y - 119. Determine n(1).
1
Let n(p) = p**2 - 9*p + 10. Let f(j) = -j**2 - 21*j - 30. Let u be f(-19). Calculate n(u).
2
Let f(l) = -931 + 464 - 7*l + 464 + l**3 + 4*l**2. What is f(-5)?
7
Suppose 1 = -r + 3*k, -5*k = -3*r - 18 - 5. Let v(n) = -n - 14. Give v(r).
2
Let x(n) = n**3 - 2*n**2 - n + 1. Let w(y) = -3*y**3 + 11*y**2 + 10*y + 1. Let b(p) = w(p) + 4*x(p). Calculate b(-3).
-13
Let n(j) = -3*j**3 + 7*j**2 - 5*j - 7. Let p(k) = 5*k**3 - 11*k**2 + 8*k + 11. Let h(c) = -8*n(c) - 5*p(c). Determine h(-1).
1
Let y(v) be the third derivative of -5*v**4/24 - 4*v**3/3 - 22*v**2. Suppose -10*c = 5*c + 90. What is y(c)?
22
Suppose j = 3*y + 2, j - 3*y - 1 = y. Let c(v) be the first derivative of -v**3/3 + 4*v**2 - 7*v + 49. What is c(j)?
8
Let z(o) = -8*o + 19*o - 1 - 5*o - 7*o. Let q(m) = -8*m - 11. Let l(p) = -q(p) + 5*z(p). Give l(-5).
-9
Let u(x) = x**3 + 7*x**2 + x - 4. Let l(k) = k**3 + 10*k**2 + 29*k + 50. Let d be l(-7). Determine u(d).
26
Let p(t) = -7*t**3 + 8*t**2 - 18*t + 3. Let h(s) = -4*s**3 + 4*s**2 - 10*s + 1. Let i(n) = -5*h(n) + 3*p(n). What is i(4)?
-12
Let d = 11 + -9. Let k(j) = 8*j**2 + 4*j + 3. Let f(m) = -4*m**2 - 2*m - 1. Let s(r) = -5*f(r) - 2*k(r). What is s(d)?
19
Let t(b) = -b**3 + 2*b**2 + 3*b + 5. Let r(x) = x**3 - x**2 - x - 2. Let q(c) = 5*r(c) + 2*t(c). Suppose -h + 0 + 1 = 0. Give q(h).
3
Let u(p) = -1 + 2*p + 39*p**2 - 19*p**2 - p**3 - 24*p**2. Calculate u(-4).
-9
Let q(t) = -6*t - 34. Let w be q(-6). Let n(u) = 2*u**2 - 2*u. Calculate n(w).
4
Let f(m) = -4 - 4 + 7. Let p(j) = -j - 2. Let g(k) = -2*f(k) + p(k). Determine g(-2).
2
Let x = 18 + -11. Suppose 3*u - x*u = 0. Let n = u + 5. Let r(p) = p - 4. Calculate r(n).
1
Let q(y) = y - 3. Let d(n) = n**2 + 6*n + 13. Let k be d(-4). Let o be ((-10)/k + 2)/(-2). Give q(o).
-3
Let k(m) = -4*m + 0*m + 3*m - 4*m + 1 + 4*m. Suppose 3 = 3*c - r - 1, -c = 4*r + 3. Determine k(c).
0
Let b = 18 - 14. Suppose -2 = -f + 2. Let t(c) = 7*c - c**3 + f*c**2 - 2 + 4 - 7*c. Give t(b).
2
Let b(o) be the second derivative of o**3/3 - 7*o**2 + 167*o. Determine b(6).
-2
Let g(d) = -d**3 + 2*d**2. Suppose 6*o - 72 = -12. Let y = o - 8. Calculate g(y).
0
Let t(d) be the third derivative of d**6/120 + d**5/6 + 3*d**4/8 - 5*d**3/3 + 17*d**2 - 5*d. Determine t(-9).
-10
Let v(z) = -23*z + 1. Let q = 43 - -8. Let i = -52 + q. What is v(i)?
24
Suppose 4*x + 0*x = -5*k + 32, 2*k - 23 = -5*x. Let p(i) be the second derivative of 2*i + 0 - 3/2*i**2 - 1/12*i**4 + 1/6*i**x. Give p(0).
-3
Let r(c) = 8*c - 11. Let k(a) = 3*a - 4. Let t(h) = -11*k(h) + 4*r(h). Let n(f) = -2*f + 26. Let l be n(-8). Suppose l = i + 40. Determine t(i).
-2
Let s(w) = 8*w - 3. Let l(f) = -9*f + 3. Let b(u) = 5*l(u) + 6*s(u). Let d be (-2)/(2/(-3)) + 1. Suppose -d*k + 0*k + 8 = 0. What is b(k)?
3
Let y(h) = -h**3 + 6*h**2 + 6*h - 6. Suppose 0 = -15*u + 11*u + 56. Suppose 0*j - 2*j = -u. What is y(j)?
-13
Let a(j) be the third derivative of j**5/120 - 3*j**4/8 + 3*j**3 - 4*j**2. Let q(s) be the first derivative of a(s). Calculate q(5).
-4
Suppose 11*o + 39 = 83. Let g(m) = -m + 3. Calculate g(o).
-1
Let p(b) = 2*b + 7. Let a be 6/(-7) + 144/(-126) + -2. What is p(a)?
-1
Let m(l) = -l. Let n(w) = -2*w - 1. Let r = -27 - -25. Let x(o) = r*n(o) + 5*m(o). Give x(-3).
5
Let b(a) = -a**2 + 2*a + 2. Let j = -9 - -14. Suppose 4*z + 4*g = -z + 36, -j*z + 2*g + 12 = 0. Calculate b(z).
-6
Let y(x) = 41*x**3 + 40*x**2 - 23*x - 81. Let q(i) = -11*i**3 - 10*i**2 + 6*i + 21. Let w(u) = 15*q(u) + 4*y(u). Calculate w(10).
-29
Let m(l) = -7*l**3 - 16*l**2 + 2*l - 32. Let i(o) = -15*o**3 - 34*o**2 + 5*o - 69. Let t(a) = 6*i(a) - 13*m(a). Calculate t(-1).
1
Let q(a) = a - 163 + a**3 - 7*a**2 + 322 - 162. What is q(7)?
4
Suppose 50 = 37*a - 42*a - 5*h, -2*h = -a - 1. Let i(s) = 3*s + 9. Determine i(a).
-12
Let z(s) = 25*s + 31*s + 30*s - 8 - 87*s. Calculate z(-8).
0
Let d(y) be the first derivative of -3*y**2/2 - 2*y + 16. Give d(-9).
25
Let r(p) = 751 - 3*p - 377 + p**2 - 374. What is r(2)?
-2
Let s(o) = o. Let l be s(3). Suppose 3*f + 12 = l*c, -5*f + 52 = 5*c - c. Suppose 0 = -k - c + 2. Let j(x) = -x**2 - 4*x. Give j(k).
-12
Let i(w) = -w**2 - 6*w - 1. Suppose 0 = 2*h + 8 - 18, -5*h + 85 = -5*q. Let a be 32/q*18/8. Give i(a).
-1
Let r(t) = -t**3 - 11*t**2 + t + 13. Let f be r(-11). Let w(i) be the first derivative of -i**4/4 + 4*i**3/3 - i**2/2 - 3*i - 153. Give w(f).
3
Let d(q) = -6*q - 6. Let c = 13 - 18. Let w(a) = 7*a + 7. Let h(b) = c*w(b) - 6*d(b). Suppose -4*u + p - 2 = -5, -9 = -u + 3*p. What is h(u)?
1
Let h = -395 + 390. Let v(w) = 6*w + 25. Determine v(h).
-5
Let p be 3/(-3) - (6 - 2). Let k(x) = 4*x - 25. Let h(o) = -o + 8. Let s(j) = -7*h(j) - 2*k(j). Determine s(p).
-1
Let k(n) = -2*n**2 + n + 1. Let o = -13 + 13. Suppose -z + 6*z - 10 = o. Suppose -6 = -z*j - 8. What is k(j)?
-2
Let r(j) = 6*j**2 + j**2 + 9 + 105*j**3 + j**2 + 2*j**2 + 3*j - 104*j**3. Give r(-10).
-21
Let h(k) = -6 - 4*k - 46*k**2 + k**3 - 42*k**2 + 83*k**2. Let f = 0 - 3. Let j(t) = 2*t**2 + 4*t. Let w be j(f). Calculate h(w).
6
Let u(f) be the first derivative of 7/2*f**2 + 1/4*f**4 - 2*f**3 + 1 - f. Let a be 1*(-13)/(-26)*5*2. Determine u(a).
9
Suppose 5*z - 2 + 3 = 3*y, 14 = 4*z + 5*y. Let a(r) be the third derivative of -r**6/12 - r**4/12 + r**3/6 - 4*r**2. What is a(z)?
-11
Let g = 13 - 13. Suppose 28 = -g*q + 2*q. Let p(v) = -q - v + 14. What is p(3)?
-3
Let l(j) = j**2 + 9*j + 11. Let t be (-51)/3 + 5 - -4. What is l(t)?
3
Let n(j) = -8*j**3 + j**2 - 1. Suppose 7*u = -22 - 20. Let w be (0 + -2)/(u - -8). Calculate n(w).
8
Suppose -1 + 4 = -3*f, -4*f = 2*q - 10. Let s(i) = 2*i + 6. What is s(q)?
20
Let k be (1 -